remainder when 33 is divided by 7.
5
Calculate the remainder when 5343 is divided by 6.
3
Calculate the remainder when 367 is divided by 356.
11
Calculate the remainder when 2849 is divided by 46.
43
What is the remainder when 396 is divided by 96?
12
Calculate the remainder when 3214 is divided by 75.
64
Calculate the remainder when 146 is divided by 78.
68
Calculate the remainder when 448 is divided by 75.
73
What is the remainder when 151 is divided by 8?
7
What is the remainder when 1219 is divided by 87?
1
Calculate the remainder when 203 is divided by 57.
32
Calculate the remainder when 1154 is divided by 7.
6
What is the remainder when 2472 is divided by 138?
126
Calculate the remainder when 30 is divided by 4.
2
Calculate the remainder when 1233 is divided by 24.
9
What is the remainder when 116 is divided by 39?
38
What is the remainder when 1250 is divided by 243?
35
What is the remainder when 259 is divided by 38?
31
What is the remainder when 89 is divided by 6?
5
Calculate the remainder when 57 is divided by 15.
12
What is the remainder when 2387 is divided by 2378?
9
What is the remainder when 1275 is divided by 58?
57
What is the remainder when 68 is divided by 18?
14
Calculate the remainder when 508 is divided by 34.
32
Calculate the remainder when 827 is divided by 274.
5
Calculate the remainder when 11 is divided by 2.
1
Calculate the remainder when 42 is divided by 25.
17
Calculate the remainder when 519 is divided by 135.
114
What is the remainder when 677 is divided by 138?
125
What is the remainder when 48242 is divided by 14?
12
Calculate the remainder when 603 is divided by 23.
5
Calculate the remainder when 707 is divided by 27.
5
Calculate the remainder when 273 is divided by 85.
18
Calculate the remainder when 351 is divided by 67.
16
Calculate the remainder when 17889 is divided by 213.
210
Calculate the remainder when 1042 is divided by 86.
10
What is the remainder when 109 is divided by 67?
42
Calculate the remainder when 541 is divided by 21.
16
What is the remainder when 849 is divided by 217?
198
Calculate the remainder when 370 is divided by 182.
6
Calculate the remainder when 245 is divided by 48.
5
What is the remainder when 3618 is divided by 13?
4
What is the remainder when 351 is divided by 55?
21
What is the remainder when 140 is divided by 29?
24
What is the remainder when 2565 is divided by 107?
104
Calculate the remainder when 1730 is divided by 572.
14
Calculate the remainder when 58 is divided by 20.
18
Calculate the remainder when 8491 is divided by 9.
4
What is the remainder when 6305 is divided by 18?
5
Calculate the remainder when 908 is divided by 447.
14
Calculate the remainder when 137 is divided by 14.
11
What is the remainder when 184 is divided by 111?
73
What is the remainder when 4062 is divided by 291?
279
Calculate the remainder when 148 is divided by 40.
28
Calculate the remainder when 207 is divided by 30.
27
Calculate the remainder when 50 is divided by 11.
6
Calculate the remainder when 100 is divided by 54.
46
Calculate the remainder when 1824 is divided by 450.
24
Calculate the remainder when 103 is divided by 6.
1
What is the remainder when 389 is divided by 39?
38
What is the remainder when 82 is divided by 52?
30
What is the remainder when 6 is divided by 5?
1
Calculate the remainder when 209 is divided by 165.
44
Calculate the remainder when 202 is divided by 71.
60
What is the remainder when 526 is divided by 22?
20
Calculate the remainder when 188 is divided by 97.
91
Calculate the remainder when 611 is divided by 9.
8
What is the remainder when 1106 is divided by 11?
6
Calculate the remainder when 403 is divided by 65.
13
What is the remainder when 19270 is divided by 132?
130
What is the remainder when 2346 is divided by 27?
24
Calculate the remainder when 1547 is divided by 30.
17
What is the remainder when 179 is divided by 118?
61
Calculate the remainder when 4795 is divided by 75.
70
What is the remainder when 13577 is divided by 6?
5
What is the remainder when 505 is divided by 82?
13
What is the remainder when 129 is divided by 33?
30
What is the remainder when 721 is divided by 66?
61
What is the remainder when 1345 is divided by 1335?
10
Calculate the remainder when 141 is divided by 18.
15
What is the remainder when 7403 is divided by 39?
32
Calculate the remainder when 143 is divided by 98.
45
Calculate the remainder when 312 is divided by 78.
0
What is the remainder when 42 is divided by 9?
6
What is the remainder when 24 is divided by 16?
8
What is the remainder when 1331 is divided by 29?
26
Calculate the remainder when 917 is divided by 17.
16
What is the remainder when 346 is divided by 5?
1
Calculate the remainder when 2777 is divided by 139.
136
What is the remainder when 624 is divided by 160?
144
What is the remainder when 21 is divided by 3?
0
Calculate the remainder when 206 is divided by 51.
2
What is the remainder when 254 is divided by 27?
11
What is the remainder when 3686 is divided by 21?
11
What is the remainder when 175 is divided by 20?
15
Calculate the remainder when 5067 is divided by 23.
7
What is the remainder when 13942 is divided by 166?
164
Calculate the remainder when 2351 is divided by 55.
41
Calculate the remainder when 329 is divided by 37.
33
What is the remainder when 910 is divided by 36?
10
What is the remainder when 69 is divided by 36?
33
What is the remainder when 908 is divided by 447?
14
Calculate the remainder when 67 is divided by 7.
4
Calculate the remainder when 222 is divided by 14.
12
Calculate the remainder when 251 is divided by 16.
11
What is the remainder when 646 is divided by 121?
41
What is the remainder when 135 is divided by 16?
7
Calculate the remainder when 843 is divided by 9.
6
What is the remainder when 195 is divided by 49?
48
What is the remainder when 132 is divided by 71?
61
Calculate the remainder when 813 is divided by 9.
3
What is the remainder when 278 is divided by 93?
92
What is the remainder when 579 is divided by 72?
3
Calculate the remainder when 330 is divided by 12.
6
Calculate the remainder when 934 is divided by 36.
34
What is the remainder when 132 is divided by 61?
10
What is the remainder when 130 is divided by 36?
22
What is the remainder when 226 is divided by 6?
4
What is the remainder when 1404 is divided by 119?
95
Calculate the remainder when 892 is divided by 249.
145
Calculate the remainder when 3894 is divided by 777.
9
What is the remainder when 174 is divided by 22?
20
Calculate the remainder when 928 is divided by 303.
19
Calculate the remainder when 36 is divided by 25.
11
What is the remainder when 191 is divided by 32?
31
What is the remainder when 781 is divided by 17?
16
What is the remainder when 1417 is divided by 5?
2
What is the remainder when 6470 is divided by 78?
74
What is the remainder when 434 is divided by 17?
9
Calculate the remainder when 1456 is divided by 362.
8
Calculate the remainder when 4584 is divided by 759.
30
What is the remainder when 68 is divided by 2?
0
What is the remainder when 1985 is divided by 17?
13
Calculate the remainder when 2572 is divided by 99.
97
What is the remainder when 4231 is divided by 702?
19
What is the remainder when 2781 is divided by 71?
12
Calculate the remainder when 265 is divided by 51.
10
Calculate the remainder when 143 is divided by 46.
5
Calculate the remainder when 242 is divided by 21.
11
What is the remainder when 1156 is divided by 13?
12
What is the remainder when 144 is divided by 54?
36
Calculate the remainder when 319 is divided by 161.
158
What is the remainder when 60 is divided by 31?
29
Calculate the remainder when 117 is divided by 41.
35
What is the remainder when 179 is divided by 32?
19
What is the remainder when 704 is divided by 479?
225
What is the remainder when 4258 is divided by 213?
211
What is the remainder when 9467 is divided by 6?
5
What is the remainder when 1309 is divided by 8?
5
Calculate the remainder when 387 is divided by 13.
10
Calculate the remainder when 183 is divided by 2.
1
What is the remainder when 4220 is divided by 7?
6
What is the remainder when 1858 is divided by 11?
10
Calculate the remainder when 755 is divided by 149.
10
What is the remainder when 34 is di